{"id":30085,"date":"2025-01-31T13:43:52","date_gmt":"2025-01-31T12:43:52","guid":{"rendered":"https:\/\/dupeyrou.ch\/?post_type=tribe_events&#038;p=30085"},"modified":"2025-01-31T13:43:52","modified_gmt":"2025-01-31T12:43:52","slug":"mois-champenois","status":"publish","type":"tribe_events","link":"https:\/\/dupeyrou.ch\/en\/event\/mois-champenois\/","title":{"rendered":"Champagne month"},"content":{"rendered":"<p><em>From February 6, we invite you to enjoy a unique gastronomic experience, where the products of the Champagne region will be enhanced by the great Champagne vintages.<\/em><\/p>\n<p><em> A perfect opportunity to discover or rediscover the culinary wonders of the native region of our Chef Edmond Bavois.<\/em><\/p>\n<p style=\"text-align: center;\">\n<em><strong>On the menu:<\/strong><\/em><\/p>\n<p><strong>Cream of fine herbs and herring caviar,<br \/>\nLightly smoked panna cotta and potato foam<\/strong><br \/>\n<em>Brut Tradition 1er cru, Feneuil-Pointillart<br \/>\n***<\/em><br \/>\n<strong>Sainte-Menehould\u2019s delicacy,<br \/>\nTurnip and pear chutney with ratafia<\/strong><br \/>\n<em>Blanc de Blancs, Marquis de Luth 1er cru, Feneuil-Pointillart<br \/>\n***<\/em><br \/>\n<strong>Luted champagne stew,<br \/>\nA nod to VGE soup<\/strong><br \/>\n<em>Raw, Deutz<br \/>\n***<\/em><br \/>\n<strong>Veal breast cooked overnight,<br \/>\nGlazed vegetables and raisin condiment<\/strong><br \/>\n<em>Ros\u00e9 vintage, Laurent Perrier<br \/>\n***<\/em><br \/>\n<strong>Winter sweetness,<br \/>\nCreamy, crunchy and icy<\/strong><br \/>\n<em>Cuv\u00e9e Louise, Pommery<br \/>\n***<\/em><br \/>\n<strong>The carolo,<br \/>\nHazelnut, meringue and champagne<\/strong><br \/>\n<em>Ratafia<\/em><\/p>\n<p><strong>Menu: 169 CHF<br \/>\nAgreement: 85 CHF<\/strong><\/p>\n<p style=\"text-align: center;\">\nReserve your places now and let yourself be seduced by the perfect combination of flavors!<\/p>\n<p><em><a href=\"https:\/\/dupeyrou.ch\/en\/reservations\/\">https:\/\/dupeyrou.ch\/reservations\/<\/a> 032 725 11 83 or by email at\u00a0<a href=\"mailto:info@dupeyrou.ch\" target=\"_blank\" rel=\"noopener\">info@dupeyrou.ch<\/a><\/em><\/p>","protected":false},"excerpt":{"rendered":"<p>\u00c0 partir du 6 f\u00e9vrier, nous vous invitons \u00e0 vivre une exp\u00e9rience gastronomique unique, o\u00f9 les produits du terroir champenois seront sublim\u00e9s par les grands crus de Champagne. Une occasion [&hellip;]<\/p>\n","protected":false},"author":2,"featured_media":30086,"template":"","meta":{"_et_pb_use_builder":"","_et_pb_old_content":"","_et_gb_content_width":"","_tribe_events_status":"","_tribe_events_status_reason":"","footnotes":""},"tags":[],"tribe_events_cat":[10],"class_list":["post-30085","tribe_events","type-tribe_events","status-publish","has-post-thumbnail","hentry","tribe_events_cat-evenements","cat_evenements"],"yoast_head":"<!-- This site is optimized with the Yoast SEO plugin v27.5 - https:\/\/yoast.com\/product\/yoast-seo-wordpress\/ -->\n<title>Mois champenois - Restaurant de l&#039;H\u00f4tel DuPeyrou<\/title>\n<meta name=\"robots\" content=\"index, follow, max-snippet:-1, max-image-preview:large, max-video-preview:-1\" \/>\n<link rel=\"canonical\" href=\"https:\/\/dupeyrou.ch\/en\/event\/mois-champenois\/\" \/>\n<meta property=\"og:locale\" content=\"en_GB\" \/>\n<meta property=\"og:type\" content=\"article\" \/>\n<meta property=\"og:title\" content=\"Mois champenois - Restaurant de l&#039;H\u00f4tel DuPeyrou\" \/>\n<meta property=\"og:description\" content=\"\u00c0 partir du 6 f\u00e9vrier, nous vous invitons \u00e0 vivre une exp\u00e9rience gastronomique unique, o\u00f9 les produits du terroir champenois seront sublim\u00e9s par les grands crus de Champagne. Une occasion [&hellip;]\" \/>\n<meta property=\"og:url\" content=\"https:\/\/dupeyrou.ch\/en\/event\/mois-champenois\/\" \/>\n<meta property=\"og:site_name\" content=\"Restaurant de l&#039;H\u00f4tel DuPeyrou\" \/>\n<meta property=\"og:image\" content=\"https:\/\/dupeyrou.ch\/wp-content\/uploads\/2025\/01\/Capture-decran-2025-01-31-124046.png\" \/>\n\t<meta property=\"og:image:width\" content=\"451\" \/>\n\t<meta property=\"og:image:height\" content=\"481\" \/>\n\t<meta property=\"og:image:type\" content=\"image\/png\" \/>\n<meta name=\"twitter:card\" content=\"summary_large_image\" \/>\n<meta name=\"twitter:label1\" content=\"Estimated reading time\" \/>\n\t<meta name=\"twitter:data1\" content=\"2 minutes\" \/>\n<script type=\"application\/ld+json\" class=\"yoast-schema-graph\">{\"@context\":\"https:\\\/\\\/schema.org\",\"@graph\":[{\"@type\":\"WebPage\",\"@id\":\"https:\\\/\\\/dupeyrou.ch\\\/event\\\/mois-champenois\\\/\",\"url\":\"https:\\\/\\\/dupeyrou.ch\\\/event\\\/mois-champenois\\\/\",\"name\":\"Mois champenois - Restaurant de l&#039;H\u00f4tel DuPeyrou\",\"isPartOf\":{\"@id\":\"https:\\\/\\\/dupeyrou.ch\\\/#website\"},\"primaryImageOfPage\":{\"@id\":\"https:\\\/\\\/dupeyrou.ch\\\/event\\\/mois-champenois\\\/#primaryimage\"},\"image\":{\"@id\":\"https:\\\/\\\/dupeyrou.ch\\\/event\\\/mois-champenois\\\/#primaryimage\"},\"thumbnailUrl\":\"https:\\\/\\\/dupeyrou.ch\\\/wp-content\\\/uploads\\\/2025\\\/01\\\/Capture-decran-2025-01-31-124046.png\",\"datePublished\":\"2025-01-31T12:43:52+00:00\",\"breadcrumb\":{\"@id\":\"https:\\\/\\\/dupeyrou.ch\\\/event\\\/mois-champenois\\\/#breadcrumb\"},\"inLanguage\":\"en-GB\",\"potentialAction\":[{\"@type\":\"ReadAction\",\"target\":[\"https:\\\/\\\/dupeyrou.ch\\\/event\\\/mois-champenois\\\/\"]}]},{\"@type\":\"ImageObject\",\"inLanguage\":\"en-GB\",\"@id\":\"https:\\\/\\\/dupeyrou.ch\\\/event\\\/mois-champenois\\\/#primaryimage\",\"url\":\"https:\\\/\\\/dupeyrou.ch\\\/wp-content\\\/uploads\\\/2025\\\/01\\\/Capture-decran-2025-01-31-124046.png\",\"contentUrl\":\"https:\\\/\\\/dupeyrou.ch\\\/wp-content\\\/uploads\\\/2025\\\/01\\\/Capture-decran-2025-01-31-124046.png\",\"width\":451,\"height\":481},{\"@type\":\"BreadcrumbList\",\"@id\":\"https:\\\/\\\/dupeyrou.ch\\\/event\\\/mois-champenois\\\/#breadcrumb\",\"itemListElement\":[{\"@type\":\"ListItem\",\"position\":1,\"name\":\"Accueil\",\"item\":\"https:\\\/\\\/dupeyrou.ch\\\/\"},{\"@type\":\"ListItem\",\"position\":2,\"name\":\"\u00c9v\u00e8nements\",\"item\":\"https:\\\/\\\/dupeyrou.ch\\\/events\\\/\"},{\"@type\":\"ListItem\",\"position\":3,\"name\":\"Mois champenois\"}]},{\"@type\":\"WebSite\",\"@id\":\"https:\\\/\\\/dupeyrou.ch\\\/#website\",\"url\":\"https:\\\/\\\/dupeyrou.ch\\\/\",\"name\":\"Restaurant de l&#039;H\u00f4tel DuPeyrou\",\"description\":\"Votre restaurant gastronomique \u00e0 Neuch\u00e2tel\",\"potentialAction\":[{\"@type\":\"SearchAction\",\"target\":{\"@type\":\"EntryPoint\",\"urlTemplate\":\"https:\\\/\\\/dupeyrou.ch\\\/?s={search_term_string}\"},\"query-input\":{\"@type\":\"PropertyValueSpecification\",\"valueRequired\":true,\"valueName\":\"search_term_string\"}}],\"inLanguage\":\"en-GB\"}]}<\/script>\n<!-- \/ Yoast SEO plugin. -->","yoast_head_json":{"title":"Mois champenois - Restaurant de l&#039;H\u00f4tel DuPeyrou","robots":{"index":"index","follow":"follow","max-snippet":"max-snippet:-1","max-image-preview":"max-image-preview:large","max-video-preview":"max-video-preview:-1"},"canonical":"https:\/\/dupeyrou.ch\/en\/event\/mois-champenois\/","og_locale":"en_GB","og_type":"article","og_title":"Mois champenois - Restaurant de l&#039;H\u00f4tel DuPeyrou","og_description":"\u00c0 partir du 6 f\u00e9vrier, nous vous invitons \u00e0 vivre une exp\u00e9rience gastronomique unique, o\u00f9 les produits du terroir champenois seront sublim\u00e9s par les grands crus de Champagne. Une occasion [&hellip;]","og_url":"https:\/\/dupeyrou.ch\/en\/event\/mois-champenois\/","og_site_name":"Restaurant de l&#039;H\u00f4tel DuPeyrou","og_image":[{"width":451,"height":481,"url":"https:\/\/dupeyrou.ch\/wp-content\/uploads\/2025\/01\/Capture-decran-2025-01-31-124046.png","type":"image\/png"}],"twitter_card":"summary_large_image","twitter_misc":{"Estimated reading time":"2 minutes"},"schema":{"@context":"https:\/\/schema.org","@graph":[{"@type":"WebPage","@id":"https:\/\/dupeyrou.ch\/event\/mois-champenois\/","url":"https:\/\/dupeyrou.ch\/event\/mois-champenois\/","name":"Mois champenois - Restaurant de l&#039;H\u00f4tel DuPeyrou","isPartOf":{"@id":"https:\/\/dupeyrou.ch\/#website"},"primaryImageOfPage":{"@id":"https:\/\/dupeyrou.ch\/event\/mois-champenois\/#primaryimage"},"image":{"@id":"https:\/\/dupeyrou.ch\/event\/mois-champenois\/#primaryimage"},"thumbnailUrl":"https:\/\/dupeyrou.ch\/wp-content\/uploads\/2025\/01\/Capture-decran-2025-01-31-124046.png","datePublished":"2025-01-31T12:43:52+00:00","breadcrumb":{"@id":"https:\/\/dupeyrou.ch\/event\/mois-champenois\/#breadcrumb"},"inLanguage":"en-GB","potentialAction":[{"@type":"ReadAction","target":["https:\/\/dupeyrou.ch\/event\/mois-champenois\/"]}]},{"@type":"ImageObject","inLanguage":"en-GB","@id":"https:\/\/dupeyrou.ch\/event\/mois-champenois\/#primaryimage","url":"https:\/\/dupeyrou.ch\/wp-content\/uploads\/2025\/01\/Capture-decran-2025-01-31-124046.png","contentUrl":"https:\/\/dupeyrou.ch\/wp-content\/uploads\/2025\/01\/Capture-decran-2025-01-31-124046.png","width":451,"height":481},{"@type":"BreadcrumbList","@id":"https:\/\/dupeyrou.ch\/event\/mois-champenois\/#breadcrumb","itemListElement":[{"@type":"ListItem","position":1,"name":"Accueil","item":"https:\/\/dupeyrou.ch\/"},{"@type":"ListItem","position":2,"name":"\u00c9v\u00e8nements","item":"https:\/\/dupeyrou.ch\/events\/"},{"@type":"ListItem","position":3,"name":"Mois champenois"}]},{"@type":"WebSite","@id":"https:\/\/dupeyrou.ch\/#website","url":"https:\/\/dupeyrou.ch\/","name":"Restaurant at the H\u00f4tel DuPeyrou","description":"Your gourmet restaurant in Neuch\u00e2tel","potentialAction":[{"@type":"SearchAction","target":{"@type":"EntryPoint","urlTemplate":"https:\/\/dupeyrou.ch\/?s={search_term_string}"},"query-input":{"@type":"PropertyValueSpecification","valueRequired":true,"valueName":"search_term_string"}}],"inLanguage":"en-GB"}]}},"_links":{"self":[{"href":"https:\/\/dupeyrou.ch\/en\/wp-json\/wp\/v2\/tribe_events\/30085","targetHints":{"allow":["GET"]}}],"collection":[{"href":"https:\/\/dupeyrou.ch\/en\/wp-json\/wp\/v2\/tribe_events"}],"about":[{"href":"https:\/\/dupeyrou.ch\/en\/wp-json\/wp\/v2\/types\/tribe_events"}],"author":[{"embeddable":true,"href":"https:\/\/dupeyrou.ch\/en\/wp-json\/wp\/v2\/users\/2"}],"version-history":[{"count":1,"href":"https:\/\/dupeyrou.ch\/en\/wp-json\/wp\/v2\/tribe_events\/30085\/revisions"}],"predecessor-version":[{"id":30087,"href":"https:\/\/dupeyrou.ch\/en\/wp-json\/wp\/v2\/tribe_events\/30085\/revisions\/30087"}],"wp:featuredmedia":[{"embeddable":true,"href":"https:\/\/dupeyrou.ch\/en\/wp-json\/wp\/v2\/media\/30086"}],"wp:attachment":[{"href":"https:\/\/dupeyrou.ch\/en\/wp-json\/wp\/v2\/media?parent=30085"}],"wp:term":[{"taxonomy":"post_tag","embeddable":true,"href":"https:\/\/dupeyrou.ch\/en\/wp-json\/wp\/v2\/tags?post=30085"},{"taxonomy":"tribe_events_cat","embeddable":true,"href":"https:\/\/dupeyrou.ch\/en\/wp-json\/wp\/v2\/tribe_events_cat?post=30085"}],"curies":[{"name":"wp","href":"https:\/\/api.w.org\/{rel}","templated":true}]}}

<p><em>From February 6, we invite you to enjoy a unique gastronomic experience, where the products of the Champagne region will be enhanced by the great Champagne vintages.</em></p>
<p><em> A perfect opportunity to discover or rediscover the culinary wonders of the native region of our Chef Edmond Bavois.</em></p>
<p style="text-align: center;">
<em><strong>On the menu:</strong></em></p>
<p><strong>Cream of fine herbs and herring caviar,<br />
Lightly smoked panna cotta and potato foam</strong><br />
<em>Brut Tradition 1er cru, Feneuil-Pointillart<br />
***</em><br />
<strong>Sainte-Menehould’s delicacy,<br />
Turnip and pear chutney with ratafia</strong><br />
<em>Blanc de Blancs, Marquis de Luth 1er cru, Feneuil-Pointillart<br />
***</em><br />
<strong>Luted champagne stew,<br />
A nod to VGE soup</strong><br />
<em>Raw, Deutz<br />
***</em><br />
<strong>Veal breast cooked overnight,<br />
Glazed vegetables and raisin condiment</strong><br />
<em>Rosé vintage, Laurent Perrier<br />
***</em><br />
<strong>Winter sweetness,<br />
Creamy, crunchy and icy</strong><br />
<em>Cuvée Louise, Pommery<br />
***</em><br />
<strong>The carolo,<br />
Hazelnut, meringue and champagne</strong><br />
<em>Ratafia</em></p>
<p><strong>Menu: 169 CHF<br />
Agreement: 85 CHF</strong></p>
<p style="text-align: center;">
Reserve your places now and let yourself be seduced by the perfect combination of flavors!</p>
<p><em><a href="https://dupeyrou.ch/en/reservations/">https://dupeyrou.ch/reservations/</a> 032 725 11 83 or by email at <a href="mailto:info@dupeyrou.ch" target="_blank" rel="noopener">info@dupeyrou.ch</a></em></p>

<p>À partir du 6 février, nous vous invitons à vivre une expérience gastronomique unique, où les produits du terroir champenois seront sublimés par les grands crus de Champagne. Une occasion [&hellip;]</p>

<!-- This site is optimized with the Yoast SEO plugin v27.5 - https://yoast.com/product/yoast-seo-wordpress/ -->
<title>Mois champenois - Restaurant de l&#039;Hôtel DuPeyrou</title>
<meta name="robots" content="index, follow, max-snippet:-1, max-image-preview:large, max-video-preview:-1" />
<link rel="canonical" href="https://dupeyrou.ch/en/event/mois-champenois/" />
<meta property="og:locale" content="en_GB" />
<meta property="og:type" content="article" />
<meta property="og:title" content="Mois champenois - Restaurant de l&#039;Hôtel DuPeyrou" />
<meta property="og:description" content="À partir du 6 février, nous vous invitons à vivre une expérience gastronomique unique, où les produits du terroir champenois seront sublimés par les grands crus de Champagne. Une occasion [&hellip;]" />
<meta property="og:url" content="https://dupeyrou.ch/en/event/mois-champenois/" />
<meta property="og:site_name" content="Restaurant de l&#039;Hôtel DuPeyrou" />
<meta property="og:image" content="https://dupeyrou.ch/wp-content/uploads/2025/01/Capture-decran-2025-01-31-124046.png" />
	<meta property="og:image:width" content="451" />
	<meta property="og:image:height" content="481" />
	<meta property="og:image:type" content="image/png" />
<meta name="twitter:card" content="summary_large_image" />
<meta name="twitter:label1" content="Estimated reading time" />
	<meta name="twitter:data1" content="2 minutes" />
<script type="application/ld+json" class="yoast-schema-graph">{"@context":"https:\/\/schema.org","@graph":[{"@type":"WebPage","@id":"https:\/\/dupeyrou.ch\/event\/mois-champenois\/","url":"https:\/\/dupeyrou.ch\/event\/mois-champenois\/","name":"Mois champenois - Restaurant de l&#039;Hôtel DuPeyrou","isPartOf":{"@id":"https:\/\/dupeyrou.ch\/#website"},"primaryImageOfPage":{"@id":"https:\/\/dupeyrou.ch\/event\/mois-champenois\/#primaryimage"},"image":{"@id":"https:\/\/dupeyrou.ch\/event\/mois-champenois\/#primaryimage"},"thumbnailUrl":"https:\/\/dupeyrou.ch\/wp-content\/uploads\/2025\/01\/Capture-decran-2025-01-31-124046.png","datePublished":"2025-01-31T12:43:52+00:00","breadcrumb":{"@id":"https:\/\/dupeyrou.ch\/event\/mois-champenois\/#breadcrumb"},"inLanguage":"en-GB","potentialAction":[{"@type":"ReadAction","target":["https:\/\/dupeyrou.ch\/event\/mois-champenois\/"]}]},{"@type":"ImageObject","inLanguage":"en-GB","@id":"https:\/\/dupeyrou.ch\/event\/mois-champenois\/#primaryimage","url":"https:\/\/dupeyrou.ch\/wp-content\/uploads\/2025\/01\/Capture-decran-2025-01-31-124046.png","contentUrl":"https:\/\/dupeyrou.ch\/wp-content\/uploads\/2025\/01\/Capture-decran-2025-01-31-124046.png","width":451,"height":481},{"@type":"BreadcrumbList","@id":"https:\/\/dupeyrou.ch\/event\/mois-champenois\/#breadcrumb","itemListElement":[{"@type":"ListItem","position":1,"name":"Accueil","item":"https:\/\/dupeyrou.ch\/"},{"@type":"ListItem","position":2,"name":"Évènements","item":"https:\/\/dupeyrou.ch\/events\/"},{"@type":"ListItem","position":3,"name":"Mois champenois"}]},{"@type":"WebSite","@id":"https:\/\/dupeyrou.ch\/#website","url":"https:\/\/dupeyrou.ch\/","name":"Restaurant de l&#039;Hôtel DuPeyrou","description":"Votre restaurant gastronomique à Neuchâtel","potentialAction":[{"@type":"SearchAction","target":{"@type":"EntryPoint","urlTemplate":"https:\/\/dupeyrou.ch\/?s={search_term_string}"},"query-input":{"@type":"PropertyValueSpecification","valueRequired":true,"valueName":"search_term_string"}}],"inLanguage":"en-GB"}]}</script>
<!-- / Yoast SEO plugin. -->

Mois champenois - Restaurant de l&#039;Hôtel DuPeyrou

À partir du 6 février, nous vous invitons à vivre une expérience gastronomique unique, où les produits du terroir champenois seront sublimés par les grands crus de Champagne. Une occasion [&hellip;]

Restaurant de l&#039;Hôtel DuPeyrou

Évènements

Restaurant at the Hôtel DuPeyrou

Your gourmet restaurant in Neuchâtel
